18 + -14 + 47).
-12
57 - (72 - 37) - 49
-27
What is the value of (2 + 10 - (15 + 4 + -15)) + -5?
3
-25 - (-19 + -5) - (0 - 9)
8
Evaluate -5 - (33 - (34 - 16)) - -42.
22
What is (1 - 3) + (-2 - 2) - (-3 + 2)?
-5
10 + (21 - (12 + 1) - 3)
15
What is the value of -1 + -2 + (-365 - -366)?
-2
What is the value of 0 + 1 + (10 - 16)?
-5
Evaluate 2 + -3 - (21 - 1 - 21).
0
Evaluate 11 + (-13 + 15 + -13 - -13).
13
Calculate -10 - (-16 - (-12 + -7)).
-13
Evaluate -5 + 6 + (1 - (3 + 5)).
-6
Calculate -1 + (-12 - -8 - -1) - -9.
5
What is 14 + (-4 - (0 + 4)) - 7?
-1
What is the value of (11 - 58) + 53 - -14?
20
Evaluate -7 + -7 - -79 - 31.
34
Evaluate 19 - (6 - 3 - -1).
15
What is 2 + 4 - (-3 - (4 + (-5 - 4)))?
4
Calculate 3 + 0 - (23 - 17).
-3
What is 17 + -8 + (-16 - -21)?
14
-14 + 41 - (-10 - -32)
5
What is the value of -11 + 14 + (-14 - (-6 - -3))?
-8
What is -13 + 19 - (-1 - 0) - (52 + -28)?
-17
Calculate (-3 - -15) + 89 + -124.
-23
What is the value of -1 + -16 - (26 - 20)?
-23
What is 0 + 6 - (-1 + -11 + 8 - 2)?
12
Evaluate (-9 - 0) + 1 + (3 - 8 - -9).
-4
Calculate -12 + 14 - (4 - (7 + 8 + -37)).
-24
Calculate 19 + 2 + -40 + 33 - 5.
9
-4 + (1 - 3 - -2 - (9 + -3))
-10
Calculate 7 + 0 + (7 - 10) + (-2 - 0).
2
Calculate 0 + 0 + (51 - 51) + 7.
7
What is -24 - (-17 + (34 - 23))?
-18
-25 - (-25 + 22 - (-3 - 0 - -6))
-19
What is the value of 88 + -49 + -52 - (1 + -2)?
-12
Calculate 5 + (1 - -6) + 1 - 12.
1
-11 + (11 - 14) + -1
-15
Evaluate -10 + (-18 - -35 - -4).
11
11 + (1 - -14 - 33) + -1
-8
What is 293 + -284 - (20 - 1) - (7 - 1)?
-16
(-23 - (2 - 7)) + 0
-18
Evaluate -6 + 9 + -12 - (5 + -26).
12
What is the value of 5 - 2 - (8 + 4 + -7 + -8)?
6
3 + (-2 - (2 - 8) - (-1 - -2))
6
What is -179 + 185 + -8 + 0?
-2
Evaluate 24 - -2 - ((66 - 76) + (1 - -12)).
23
-12 + (2 + -12 - (61 + -71))
-12
Calculate 17 + (-10 - 7) + -2.
-2
What is the value of -6 - (4 + (2 - (-14 - (-7 + -1))))?
-18
Evaluate 6 + (3 - 18) + -9 - -36.
18
Evaluate 25 + (-22 - 8) - ((-1 - -1) + -11).
6
What is the value of 23 + -86 + 24 + 18?
-21
What is the value of -1 + (3 + -7 + 3 + -7 - -16)?
7
-19 + (20 + -6 - 16 - -41)
20
Calculate 12 + (-2 - (29 + -22 - (5 - 1))).
7
What is the value of -5 + (3 - (-3 - -7) - (-1 - -12))?
-17
Calculate 1 + -31 + -2 + 39.
7
16 - (20 - (0 - -4))
0
What is 2 - (-15 + 21) - (-7 + 1 + 1)?
1
Calculate 14 + 7 - (6 + 1 + (14 - 14)).
14
Evaluate (-1 - -1 - -4) + (-26 - -34).
12
Evaluate (2120 - 2132) + (0 + -1 - (1 - -1)).
-15
What is the value of (-8 - (-7 - (9 + -17))) + 10?
1
-20 - (7 - (-20 - -11) - 8 - 10)
-18
Calculate -13 - ((5 - 5) + -8 - 1) - -3.
-1
Calculate (-2 - 13) + -50 + 52.
-13
(-38 - 35 - -37) + 0 + 10
-26
What is 15 + -5 - -3 - (-5 - (7 + -7))?
18
Evaluate 1 + -6 + -2 + 10 + 1.
4
Evaluate (-4 - 4 - -17) + -1 + (0 - -1).
9
-20 + (32 - (8 - -6))
-2
What is the value of -8 + -6 + 11 + -14 + (11 - -2)?
-4
Calculate 9 + 1 + (-17 - (20 - 44) - -23).
40
What is the value of (34 - 42) + -29 + 0 + 4?
-33
What is -4 + -2 + (-25 - -20)?
-11
Evaluate -51 + 43 + -6 + (-2 - -23).
7
What is the value of 4 + (3 + -10 - -6) + -15 - 1?
-13
What is the value of 34 + 15 + -30 + -20?
-1
Calculate 20 + (19 - 33) - -6.
12
-2 + 17 + (-12 - -8) - (2 + 3)
6
What is the value of -3 - (-19 + 22 + 0 + -1) - 4?
-9
What is (-17 - -15) + (-4 - -3) + 13?
10
What is (-23 - -64) + -28 - -13?
26
What is (-37 - -86) + -43 + 5?
11
Calculate (2 - -5) + 4 + (-91 - -80).
0
32 - 22 - (0 + 1 + 0)
9
Evaluate (-10 - -12 - 6) + -13 - 2.
-19
Calculate -361 - -366 - ((3 - 7) + 1 + -1).
9
What is -15 + 1 + (438 - 435)?
-11
What is the value of 2 - (1 - -19) - -19?
1
What is -34 + 27 + 1 + -2 + -1?
-9
What is the value of (-43 - -31) + -16 - -29?
1
What is the value of (-3 - (0 + 0)) + -22 - (-81 + 79)?
-23
19 - 19 - (-3 + 6 + -4)
1
-7 - (0 - (7 + 0 + 0)) - 8
-8
Calculate -12 - (18 - 20 - 17).
7
-6 + 19 + 4 - 29 - 7
-19
Calculate 334 + -318 + (20 - 0).
36
80 - (78 - 37) - 5
34
What is the value of (1 - (2 - -9)) + -13 + -9 + 21?
-11
What is the value of (1 - 9) + 1 - (-33 + (-36 - -64))?
-2
What is the value of (-3 - 5) + (0 - -8) + -3?
-3
Evaluate 21 + (-33 - -27 - 15).
0
Calculate -15 + 3 + (-8 - (5 + -3) - -9).
-13
Evaluate (2 - 12 - -19) + (-6 - -2).
5
-323 + 303 + (27 - 0) + (-9 - 0)
-2
6 - (9 - 14 - (5 + -4))
12
Evaluate (-15 - ((-5 - (2 + 0)) + -2)) + 12.
6
(4 - -5 - 12 - -3) + -2 - -1
-1
Calculate ((-16 - 10) + 7 - -10) + 2.
-7
What is the value of 20 + -1 + (-224 - -216) + (-24 - -1)?
-12
-13 + (19 - (15 + -12)) + 0 + -11
-8
What is -5 - (15 + (6 + -13 - 18))?
5
What is the value of (0 + -6 + 0 - 10) + -4 - -4?
-16
What is the value of (10 - 13) + -16 + 19?
0
3 - -1 - ((13 - 12) + -6) - -5
14
Evaluate 4 + -2 - 1 - (6 - 15 - -4).
6
What is -5 + 2 + (8 - 15 - 23)?
-33
Evaluate -18 - (0 - 0) - (47 + -79 + 27).
-13
What is the value of ((1 - 1) + 79 + -86 - -8) + 0?
1
What is 348 - 323 - (11 - (3 - 2))?
15
Evaluate -2 + 4 + 1 + -5 + (-21 - -28).
5
What is -4 + -1 - -5 - 7 - 0 - 4?
-11
Calculate 39 + 11 - 12 - 16.
22
Calculate (-12 + 5 - (25 - 53)) + 0.
21
46 - (49 - (9 + 12))
18
What is -3 - (15 - 24 - -8)?
-2
What is 6 + (23 - 15) + -12?
2
Calculate 0 + -26 - (387 + -406).
-7
Calculate -9 + (2 + 23 - -21).
37
Evaluate 9 - (4 - 40 - -18 - (0 - 10)).
17
What is the value of 2 + (0 - (4 + 5 + 0 + 0))?
-7
What is the value of -8 + (18 - (4 + -6))?
12
Calculate 17 - (-47 + 63 - (1 + 1)).
3
Calculate -6 + (5 - -3) + -9 + 3.
-4
Evaluate 57 + 16 + -45 + -5.
23
Calculate 21 + -80 + 49 - (22 - (2 - 1)).
-31
What is the value of -8 + (8 - 0 - (36 - (33 + -8)))?
-11
(-15 - -4 - 9) + 20
0
What is the value of 7 + 3 + -1 + -2 + -197 + 191?
1
What is 22 - 11 - (5 + -6) - 38?
-26
What is the value of (-3 - 6) + 27 - (9 - (27 + -7))?
29
What is the value of (3 - 26) + (61 - 54)?
-16
-4 - -5 - 4 - (-67 + 63)
1
What is the value of (78 - 84 - (-2 + 2 + -1)) + -15?
-20
What is (3 - -19) + -2 - (6 + (-7 - -2))?
19
-12 + 16 + -5 + -43 + 17
-27
Calculate -12 - (8 + (5 - (6 + 4))) - -5.
-10
Evaluate (-1 - 3) + (14 - (38 - 15 - 17)).
4
-4 - -11 - (58 - 54) - 32
-29
Calculate 3 - (7 + 9 + -5).
-8
Calculate 28 - (17 + -9 - -13).
7
Evaluate 14 + (-6 - (-1 + 5)) + -8 + 3.
-1
What is -2 - ((-5 - -7) + 4) - 11?
-19
Evaluate 21 + -5 + -10 + (9 - (-6 - -6)).
15
What is the value of 15 + (30 - 46) + 41?
40
What is the value of 6 + -25 - (-1 - -7 - (5 + -2))?
-22
36 - (-22 + 4 - -39)
15
Calculate 3 + -9 + 0 - -8 - (-13 - -6).
9
Calculate 2 + 0 - (25 - (35 - 0)).
12
(22 + 4 - 12) + 0
14
-3 + (-5 - -11) + -8 + (27 - -1)
23
Calculate (1 - 6) + 13 + 6 + 7.
21
What is (8 + (-12 - 3) - 0) + -3?
-10
Calculate 3 + 0 + 4 + -4 - (-3 - 4).
10
-7 - -2 - (32 + -45) - 14
-6
What is -25 + 14 + -7 - (-2 + -4 - 3)?
-9
What is the value of ((0 - -27) + -12 - 16) + -10?
-11
76 + -47 - (-2 - -45)
-14
Calculate -3 + 1 + -6 + -154 + 144.
-18
What is -89 + 65 + (15 - 1) - -23?
13
What is the value of 3 + (5 + -3 + -21 + 22 - -5)?
11
Calculate -5 + (2 + 11 - (25 + -18)).
1
What is the value of 4 - ((-9 - -8) + 2)?
3
What is the value of 3 + (-3 + 2 + -3 - -1) - -10?
10
Evaluate -20 + 8 - (0 - (-3 + -18)).
-33
Calculate 8 - 0 - (-1 + -1 - 1).
11
What is the value of 0 + (-18 - (-31 - -7))?
6
What is (-12 - -9 - -2) + (5 - 1 - 16)?
-13
Calculate 1 - (-2 - (10 - 3) - -13).
-3
What is 8 + (-26 - 7) + 6 - -36?
17
(-31 - 8) + 22 + -29 + 15
-31
What is 1 - -1 - 7 - (-140 + 132)?
3
What is the value of (4 - 6) + -1 + -2 + 3 + 2?
0
0 + (20 - 16) - 5 - (0 + -13)
12
Calculate -6 + 0 + 1 + -526 + 544.
13
Calculate -209 + 204 + (2 - -2).
-1
-10 - 29 - (2 - 10) - (-25 - -23)
-29
Evaluate 5 - (-11 + 2 + (5 - -2)).
7
Calculate (-12 - 11) + (-12 - (-23 + -5)).
-7
Evaluate -23 + (8 - -6) - -3.
-6
What is the value of -26 + -1 + (7 + 7 - 5)?
-18
-203 + 208 - (-2 - (-19 - -1))
-11
What is 1742 + -1741 - (6 + 1 + 0)?
-6
(-15 - (-5 - (8 + -4))) + 9
3
Calculate -4 + -16 + 11 - -14 - 3.
2
(-26 - -47 - 41) + (2 - (-10 + 3))
-11
Evaluate 12 + (8 + -9 - 11) + 11.
11
Calculate (11 - -2) + (-5 - (5 - 13)) + -1.
15
Evaluate -18 - (-19 + -11 + 16) - -14.
10
34 - (20 + 17 - -8)
-11
Calculate (-12 + 16 - 27) + 40.
17
What is (12 + -38 - -19) + 28?
21
Evaluate -4 + -12 + (9 - 5).
-12
What is the value of -1 + -12 + 9 + -1 + (0 - 7)?
-12
What is 11 - -1 - (0 - 3 - -5 - 1)?
11
-